{"id":14,"date":"2024-07-18T15:00:43","date_gmt":"2024-07-18T13:00:43","guid":{"rendered":"http:\/\/localhost:8888\/Saveurs\/?page_id=14"},"modified":"2025-11-27T16:49:02","modified_gmt":"2025-11-27T15:49:02","slug":"programme","status":"publish","type":"page","link":"https:\/\/www.thermalies.com\/lyon\/programme\/","title":{"rendered":"Programme"},"content":{"rendered":"<p><img fetchpriority=\"high\" decoding=\"async\" class=\"alignnone size-full wp-image-4278\" src=\"https:\/\/www.thermalies.com\/lyon\/wp-content\/uploads\/2019\/06\/AdobeStock_115312155.jpg\" alt=\"\" width=\"840\" height=\"250\" srcset=\"https:\/\/www.thermalies.com\/lyon\/wp-content\/uploads\/2019\/06\/AdobeStock_115312155.jpg 840w, https:\/\/www.thermalies.com\/lyon\/wp-content\/uploads\/2019\/06\/AdobeStock_115312155-300x89.jpg 300w, https:\/\/www.thermalies.com\/lyon\/wp-content\/uploads\/2019\/06\/AdobeStock_115312155-768x229.jpg 768w, https:\/\/www.thermalies.com\/lyon\/wp-content\/uploads\/2019\/06\/AdobeStock_115312155-150x45.jpg 150w, https:\/\/www.thermalies.com\/lyon\/wp-content\/uploads\/2019\/06\/AdobeStock_115312155-500x149.jpg 500w\" sizes=\"(max-width: 840px) 100vw, 840px\" \/><\/p>\n<h2><span style=\"color: #0c5356;\">Programme du salon Thermalies Lyon<\/span><\/h2>\n<p>&nbsp;<\/p>\n<h3><span style=\"color: #458c7f;\">Vous aurez l\u2019occasion de participer \u00e0&#8230;<\/span><\/h3>\n<p>&nbsp;<\/p>\n<ul>\n<li><span style=\"color: #0c5356;\"><a style=\"color: #0c5356;\" href=\"https:\/\/www.thermalies.com\/lyon\/programme\/les-conferences\/\"><strong>Des conf\u00e9rences<\/strong><\/a>\u00a0<strong>:<\/strong> qui font intervenir m\u00e9decins, th\u00e9rapeutes et sp\u00e9cialistes sur des probl\u00e9matiques ancr\u00e9es dans l\u2019actualit\u00e9. La th\u00e9matique g\u00e9n\u00e9rale de 2026 est :\u00a0<strong data-start=\"294\" data-end=\"355\">\u00ab Sant\u00e9 mentale \u2013 Renouer avec l\u2019\u00e9quilibre corps-esprit \u00bb<\/strong><\/span><\/li>\n<\/ul>\n<p>&nbsp;<\/p>\n<ul>\n<li><span style=\"color: #0c5356;\"><span style=\"color: #008080;\"><a style=\"color: #0c5356;\" href=\"https:\/\/www.thermalies.com\/lyon\/programme\/les-animations\/\"><b>Des animations<\/b><\/a> <\/span>: <span style=\"color: #000000;\">v<\/span><\/span><span style=\"color: #000000;\">en<\/span>ez exp\u00e9rimenter les m\u00e9thodes de sant\u00e9 &amp; bien-\u00eatre au naturel.<\/li>\n<\/ul>\n","protected":false},"excerpt":{"rendered":"<p>Programme du salon Thermalies Lyon &nbsp; Vous aurez l\u2019occasion de participer \u00e0&#8230; &nbsp; Des conf\u00e9rences\u00a0: qui font intervenir m\u00e9decins, th\u00e9rapeutes et sp\u00e9cialistes sur des probl\u00e9matiques ancr\u00e9es dans l\u2019actualit\u00e9. La th\u00e9matique g\u00e9n\u00e9rale de 2026 est :\u00a0\u00ab Sant\u00e9 mentale \u2013 Renouer avec l\u2019\u00e9quilibre corps-esprit \u00bb &nbsp; Des animations : venez exp\u00e9rimenter les m\u00e9thodes de sant\u00e9 &amp; bien-\u00eatre&hellip; <\/p>\n","protected":false},"author":1,"featured_media":4302,"parent":0,"menu_order":0,"comment_status":"closed","ping_status":"closed","template":"","meta":{"_monsterinsights_skip_tracking":false,"_monsterinsights_sitenote_active":false,"_monsterinsights_sitenote_note":"","_monsterinsights_sitenote_category":0,"footnotes":""},"class_list":["post-14","page","type-page","status-publish","has-post-thumbnail","hentry"],"aioseo_notices":[],"_links":{"self":[{"href":"https:\/\/www.thermalies.com\/lyon\/wp-json\/wp\/v2\/pages\/14","targetHints":{"allow":["GET"]}}],"collection":[{"href":"https:\/\/www.thermalies.com\/lyon\/wp-json\/wp\/v2\/pages"}],"about":[{"href":"https:\/\/www.thermalies.com\/lyon\/wp-json\/wp\/v2\/types\/page"}],"author":[{"embeddable":true,"href":"https:\/\/www.thermalies.com\/lyon\/wp-json\/wp\/v2\/users\/1"}],"replies":[{"embeddable":true,"href":"https:\/\/www.thermalies.com\/lyon\/wp-json\/wp\/v2\/comments?post=14"}],"version-history":[{"count":0,"href":"https:\/\/www.thermalies.com\/lyon\/wp-json\/wp\/v2\/pages\/14\/revisions"}],"wp:featuredmedia":[{"embeddable":true,"href":"https:\/\/www.thermalies.com\/lyon\/wp-json\/wp\/v2\/media\/4302"}],"wp:attachment":[{"href":"https:\/\/www.thermalies.com\/lyon\/wp-json\/wp\/v2\/media?parent=14"}],"curies":[{"name":"wp","href":"https:\/\/api.w.org\/{rel}","templated":true}]}}