{"id":3456,"date":"2018-12-12T15:03:11","date_gmt":"2018-12-12T14:03:11","guid":{"rendered":"https:\/\/www.thermalies.com\/lyon\/?page_id=3456"},"modified":"2018-12-12T15:12:21","modified_gmt":"2018-12-12T14:12:21","slug":"spot-lyon","status":"publish","type":"page","link":"https:\/\/www.thermalies.com\/lyon\/pressepartenaires\/espace-partenaires\/spot-lyon\/","title":{"rendered":"Spot Lyon"},"content":{"rendered":"<p><img decoding=\"async\" class=\"alignnone size-full wp-image-3461\" src=\"https:\/\/www.thermalies.com\/lyon\/wp-content\/uploads\/2018\/12\/SPOT_LOGO_PARTENAIRE.jpg\" alt=\"\" width=\"140\" height=\"84\" \/><\/p>\n<p>&nbsp;<\/p>\n<p><strong>SPOT<\/strong> est une soci\u00e9t\u00e9 de m\u00e9dias sp\u00e9cialis\u00e9s dans le contenu r\u00e9dactionnel des loisirs, du tourisme et des \u00e9v\u00e9nements de la r\u00e9gion Rh\u00f4ne-Alpes. L\u2019int\u00e9r\u00eat r\u00e9dactionnel de nos \u00e9ditions r\u00e9pond \u00e0 la question : \u00ab Que faire le week-end ? \u00bb.<\/p>\n<p><a href=\"http:\/\/www.spot-web.fr\/lyon\/index.html\" target=\"_blank\" rel=\"noopener\">www.spot-web.fr\/lyon<\/a><\/p>\n","protected":false},"excerpt":{"rendered":"<p>&nbsp; SPOT est une soci\u00e9t\u00e9 de m\u00e9dias sp\u00e9cialis\u00e9s dans le contenu r\u00e9dactionnel des loisirs, du tourisme et des \u00e9v\u00e9nements de la r\u00e9gion Rh\u00f4ne-Alpes. L\u2019int\u00e9r\u00eat r\u00e9dactionnel de nos \u00e9ditions r\u00e9pond \u00e0 la question : \u00ab Que faire le week-end ? \u00bb. www.spot-web.fr\/lyon<\/p>\n","protected":false},"author":1,"featured_media":0,"parent":526,"menu_order":0,"comment_status":"closed","ping_status":"closed","template":"","meta":{"_monsterinsights_skip_tracking":false,"_monsterinsights_sitenote_active":false,"_monsterinsights_sitenote_note":"","_monsterinsights_sitenote_category":0,"footnotes":""},"class_list":["post-3456","page","type-page","status-publish","hentry"],"aioseo_notices":[],"_links":{"self":[{"href":"https:\/\/www.thermalies.com\/lyon\/wp-json\/wp\/v2\/pages\/3456","targetHints":{"allow":["GET"]}}],"collection":[{"href":"https:\/\/www.thermalies.com\/lyon\/wp-json\/wp\/v2\/pages"}],"about":[{"href":"https:\/\/www.thermalies.com\/lyon\/wp-json\/wp\/v2\/types\/page"}],"author":[{"embeddable":true,"href":"https:\/\/www.thermalies.com\/lyon\/wp-json\/wp\/v2\/users\/1"}],"replies":[{"embeddable":true,"href":"https:\/\/www.thermalies.com\/lyon\/wp-json\/wp\/v2\/comments?post=3456"}],"version-history":[{"count":0,"href":"https:\/\/www.thermalies.com\/lyon\/wp-json\/wp\/v2\/pages\/3456\/revisions"}],"up":[{"embeddable":true,"href":"https:\/\/www.thermalies.com\/lyon\/wp-json\/wp\/v2\/pages\/526"}],"wp:attachment":[{"href":"https:\/\/www.thermalies.com\/lyon\/wp-json\/wp\/v2\/media?parent=3456"}],"curies":[{"name":"wp","href":"https:\/\/api.w.org\/{rel}","templated":true}]}}