{"id":516,"date":"2024-07-18T15:00:42","date_gmt":"2024-07-18T13:00:42","guid":{"rendered":"http:\/\/www.salon-biogourmand.com\/?page_id=516"},"modified":"2025-04-25T10:29:55","modified_gmt":"2025-04-25T08:29:55","slug":"contacts-exposants","status":"publish","type":"page","link":"https:\/\/www.thermalies.com\/lyon\/exposer\/contacts-exposants\/","title":{"rendered":"Contacts exposants"},"content":{"rendered":"<p><img fetchpriority=\"high\" decoding=\"async\" class=\"alignnone size-full wp-image-7316\" src=\"https:\/\/www.thermalies.com\/lyon\/wp-content\/uploads\/2024\/07\/AdobeStock_108476147-scaled-e1721309215600.jpeg\" alt=\"Exposer\" width=\"2560\" height=\"1361\" srcset=\"https:\/\/www.thermalies.com\/lyon\/wp-content\/uploads\/2024\/07\/AdobeStock_108476147-scaled-e1721309215600.jpeg 2560w, https:\/\/www.thermalies.com\/lyon\/wp-content\/uploads\/2024\/07\/AdobeStock_108476147-scaled-e1721309215600-300x159.jpeg 300w, https:\/\/www.thermalies.com\/lyon\/wp-content\/uploads\/2024\/07\/AdobeStock_108476147-scaled-e1721309215600-1024x544.jpeg 1024w, https:\/\/www.thermalies.com\/lyon\/wp-content\/uploads\/2024\/07\/AdobeStock_108476147-scaled-e1721309215600-768x408.jpeg 768w, https:\/\/www.thermalies.com\/lyon\/wp-content\/uploads\/2024\/07\/AdobeStock_108476147-scaled-e1721309215600-1536x817.jpeg 1536w, https:\/\/www.thermalies.com\/lyon\/wp-content\/uploads\/2024\/07\/AdobeStock_108476147-scaled-e1721309215600-2048x1089.jpeg 2048w, https:\/\/www.thermalies.com\/lyon\/wp-content\/uploads\/2024\/07\/AdobeStock_108476147-scaled-e1721309215600-150x80.jpeg 150w, https:\/\/www.thermalies.com\/lyon\/wp-content\/uploads\/2024\/07\/AdobeStock_108476147-scaled-e1721309215600-500x266.jpeg 500w\" sizes=\"(max-width: 2560px) 100vw, 2560px\" \/><\/p>\n<h2><span style=\"color: #458c7f;\">Une \u00e9quipe \u00e0 votre service :<\/span><\/h2>\n<div id=\"body\">\n<p>L\u2019\u00e9quipe Thermalies est \u00e0 votre disposition pour r\u00e9pondre \u00e0 vos questions\u00a0:<\/p>\n<p><span style=\"color: #0c5356;\"><strong>Vous exposez ou souhaitez exposer sur le salon, contactez le service Relations Commerciales\u00a0:<\/strong><\/span><\/p>\n<p>Karelle GEYER<br \/>\nDirectrice du salon<br \/>\n<a href=\"mailto:karelle.geyer@thermalies.com\">karelle.geyer@thermalies.com<\/a><br \/>\nT\u00e9l.\u00a0: +33 (0)1 77 37 63 24<\/p>\n<p>Xavier GINO<br \/>\nAttach\u00e9 commercial<br \/>\n<span style=\"text-decoration: underline;\">xgino@spas-expo.com<\/span><br \/>\nT\u00e9l. : +33 (0)1 77 37 63 46<\/p>\n<\/div>\n<div id=\"body\">\n<p><span style=\"color: #0c5356;\"><strong>Vous souhaitez un renseignement technique sur l\u2019am\u00e9nagement de votre stand, le montage, le d\u00e9montage, contactez le Service Logistique\u00a0:<\/strong><\/span><\/p>\n<p>Lo\u00efc LE MEN<br \/>\nDirecteur Technique<br \/>\n<a href=\"mailto:llemen@spas-expo.com\" target=\"_blank\" rel=\"noopener noreferrer\">llemen@spas-expo.com<\/a><br \/>\nT\u00e9l. : +33 (0)1 77 37 63 26<\/p>\n<p>&nbsp;<\/p>\n<p><span style=\"color: #0c5356;\"><strong>Nous \u00e9crire\u00a0:<\/strong><\/span><\/p>\n<p>Thermalies \u2013 SPAS Organisation<br \/>\n83-87, rue de Paris &#8211; CS 90001<br \/>\n92100 Boulogne-Billancourt<br \/>\nT\u00e9l.\u00a0: +33 (0)1 45 56 09 09<br \/>\nFax\u00a0: +33 (0)1 44 18 99 00<br \/>\n<a href=\"mailto:contact@thermalies.com\">contact@thermalies.com<\/a><br \/>\n<a href=\"http:\/\/www.thermalies.com\">www.thermalies.com<\/a><\/p>\n<p>&nbsp;<\/p>\n<p><span style=\"color: #0c5356;\"><strong>Contact Presse\u00a0:<\/strong><\/span><\/p>\n<div dir=\"ltr\">\n<div><span style=\"color: #0c5356;\"><b>GBCOM<\/b><\/span><\/div>\n<div>Grazyna Bilinska<br \/>\nT\u00e9l. : 06 64 43 98 25<br \/>\n<a style=\"line-height: inherit;\" href=\"mailto:gbilinska@gbcom.fr\">gbilinska@gbcom.fr<\/a><\/div>\n<\/div>\n<p>&nbsp;<\/p>\n<\/div>\n","protected":false},"excerpt":{"rendered":"<p>Une \u00e9quipe \u00e0 votre service : L\u2019\u00e9quipe Thermalies est \u00e0 votre disposition pour r\u00e9pondre \u00e0 vos questions\u00a0: Vous exposez ou souhaitez exposer sur le salon, contactez le service Relations Commerciales\u00a0: Karelle GEYER Directrice du salon karelle.geyer@thermalies.com T\u00e9l.\u00a0: +33 (0)1 77 37 63 24 Xavier GINO Attach\u00e9 commercial xgino@spas-expo.com T\u00e9l. : +33 (0)1 77 37 63&hellip; <\/p>\n","protected":false},"author":1,"featured_media":1754,"parent":16,"menu_order":0,"comment_status":"closed","ping_status":"closed","template":"","meta":{"_monsterinsights_skip_tracking":false,"_monsterinsights_sitenote_active":false,"_monsterinsights_sitenote_note":"","_monsterinsights_sitenote_category":0,"footnotes":""},"class_list":["post-516","page","type-page","status-publish","has-post-thumbnail","hentry"],"aioseo_notices":[],"_links":{"self":[{"href":"https:\/\/www.thermalies.com\/lyon\/wp-json\/wp\/v2\/pages\/516","targetHints":{"allow":["GET"]}}],"collection":[{"href":"https:\/\/www.thermalies.com\/lyon\/wp-json\/wp\/v2\/pages"}],"about":[{"href":"https:\/\/www.thermalies.com\/lyon\/wp-json\/wp\/v2\/types\/page"}],"author":[{"embeddable":true,"href":"https:\/\/www.thermalies.com\/lyon\/wp-json\/wp\/v2\/users\/1"}],"replies":[{"embeddable":true,"href":"https:\/\/www.thermalies.com\/lyon\/wp-json\/wp\/v2\/comments?post=516"}],"version-history":[{"count":0,"href":"https:\/\/www.thermalies.com\/lyon\/wp-json\/wp\/v2\/pages\/516\/revisions"}],"up":[{"embeddable":true,"href":"https:\/\/www.thermalies.com\/lyon\/wp-json\/wp\/v2\/pages\/16"}],"wp:featuredmedia":[{"embeddable":true,"href":"https:\/\/www.thermalies.com\/lyon\/wp-json\/wp\/v2\/media\/1754"}],"wp:attachment":[{"href":"https:\/\/www.thermalies.com\/lyon\/wp-json\/wp\/v2\/media?parent=516"}],"curies":[{"name":"wp","href":"https:\/\/api.w.org\/{rel}","templated":true}]}}

<p><img fetchpriority="high" decoding="async" class="alignnone size-full wp-image-7316" src="https://www.thermalies.com/lyon/wp-content/uploads/2024/07/AdobeStock_108476147-scaled-e1721309215600.jpeg" alt="Exposer" width="2560" height="1361" srcset="https://www.thermalies.com/lyon/wp-content/uploads/2024/07/AdobeStock_108476147-scaled-e1721309215600.jpeg 2560w, https://www.thermalies.com/lyon/wp-content/uploads/2024/07/AdobeStock_108476147-scaled-e1721309215600-300x159.jpeg 300w, https://www.thermalies.com/lyon/wp-content/uploads/2024/07/AdobeStock_108476147-scaled-e1721309215600-1024x544.jpeg 1024w, https://www.thermalies.com/lyon/wp-content/uploads/2024/07/AdobeStock_108476147-scaled-e1721309215600-768x408.jpeg 768w, https://www.thermalies.com/lyon/wp-content/uploads/2024/07/AdobeStock_108476147-scaled-e1721309215600-1536x817.jpeg 1536w, https://www.thermalies.com/lyon/wp-content/uploads/2024/07/AdobeStock_108476147-scaled-e1721309215600-2048x1089.jpeg 2048w, https://www.thermalies.com/lyon/wp-content/uploads/2024/07/AdobeStock_108476147-scaled-e1721309215600-150x80.jpeg 150w, https://www.thermalies.com/lyon/wp-content/uploads/2024/07/AdobeStock_108476147-scaled-e1721309215600-500x266.jpeg 500w" sizes="(max-width: 2560px) 100vw, 2560px" /></p>
<h2><span style="color: #458c7f;">Une équipe à votre service :</span></h2>
<div id="body">
<p>L’équipe Thermalies est à votre disposition pour répondre à vos questions :</p>
<p><span style="color: #0c5356;"><strong>Vous exposez ou souhaitez exposer sur le salon, contactez le service Relations Commerciales :</strong></span></p>
<p>Karelle GEYER<br />
Directrice du salon<br />
<a href="mailto:karelle.geyer@thermalies.com">karelle.geyer@thermalies.com</a><br />
Tél. : +33 (0)1 77 37 63 24</p>
<p>Xavier GINO<br />
Attaché commercial<br />
<span style="text-decoration: underline;">xgino@spas-expo.com</span><br />
Tél. : +33 (0)1 77 37 63 46</p>
</div>
<div id="body">
<p><span style="color: #0c5356;"><strong>Vous souhaitez un renseignement technique sur l’aménagement de votre stand, le montage, le démontage, contactez le Service Logistique :</strong></span></p>
<p>Loïc LE MEN<br />
Directeur Technique<br />
<a href="mailto:llemen@spas-expo.com" target="_blank" rel="noopener noreferrer">llemen@spas-expo.com</a><br />
Tél. : +33 (0)1 77 37 63 26</p>
<p>&nbsp;</p>
<p><span style="color: #0c5356;"><strong>Nous écrire :</strong></span></p>
<p>Thermalies – SPAS Organisation<br />
83-87, rue de Paris &#8211; CS 90001<br />
92100 Boulogne-Billancourt<br />
Tél. : +33 (0)1 45 56 09 09<br />
Fax : +33 (0)1 44 18 99 00<br />
<a href="mailto:contact@thermalies.com">contact@thermalies.com</a><br />
<a href="http://www.thermalies.com">www.thermalies.com</a></p>
<p>&nbsp;</p>
<p><span style="color: #0c5356;"><strong>Contact Presse :</strong></span></p>
<div dir="ltr">
<div><span style="color: #0c5356;"><b>GBCOM</b></span></div>
<div>Grazyna Bilinska<br />
Tél. : 06 64 43 98 25<br />
<a style="line-height: inherit;" href="mailto:gbilinska@gbcom.fr">gbilinska@gbcom.fr</a></div>
</div>
<p>&nbsp;</p>
</div>

<p>Une équipe à votre service : L’équipe Thermalies est à votre disposition pour répondre à vos questions : Vous exposez ou souhaitez exposer sur le salon, contactez le service Relations Commerciales : Karelle GEYER Directrice du salon karelle.geyer@thermalies.com Tél. : +33 (0)1 77 37 63 24 Xavier GINO Attaché commercial xgino@spas-expo.com Tél. : +33 (0)1 77 37 63&hellip; </p>
