{"id":536,"date":"2024-07-18T15:00:33","date_gmt":"2024-07-18T13:00:33","guid":{"rendered":"http:\/\/www.salon-biogourmand.com\/?page_id=536"},"modified":"2025-04-25T10:50:37","modified_gmt":"2025-04-25T08:50:37","slug":"comment-venir","status":"publish","type":"page","link":"https:\/\/www.thermalies.com\/lyon\/infos-pratiques\/comment-venir\/","title":{"rendered":"Comment venir ?"},"content":{"rendered":"<div class=\"bloc_article type_aucun\">\n<div class=\"border-top-left\">\n<div class=\"border-top-right\">\n<div class=\"border-bottom-left\">\n<div class=\"online_editor\"><img fetchpriority=\"high\" decoding=\"async\" class=\"alignnone wp-image-7611 size-full\" src=\"https:\/\/www.thermalies.com\/lyon\/wp-content\/uploads\/2025\/04\/AdobeStock_699851380-scaled.jpeg\" alt=\"\" width=\"2560\" height=\"1435\" srcset=\"https:\/\/www.thermalies.com\/lyon\/wp-content\/uploads\/2025\/04\/AdobeStock_699851380-scaled.jpeg 2560w, https:\/\/www.thermalies.com\/lyon\/wp-content\/uploads\/2025\/04\/AdobeStock_699851380-300x168.jpeg 300w, https:\/\/www.thermalies.com\/lyon\/wp-content\/uploads\/2025\/04\/AdobeStock_699851380-1024x574.jpeg 1024w, https:\/\/www.thermalies.com\/lyon\/wp-content\/uploads\/2025\/04\/AdobeStock_699851380-768x430.jpeg 768w, https:\/\/www.thermalies.com\/lyon\/wp-content\/uploads\/2025\/04\/AdobeStock_699851380-1536x861.jpeg 1536w, https:\/\/www.thermalies.com\/lyon\/wp-content\/uploads\/2025\/04\/AdobeStock_699851380-2048x1148.jpeg 2048w, https:\/\/www.thermalies.com\/lyon\/wp-content\/uploads\/2025\/04\/AdobeStock_699851380-150x84.jpeg 150w, https:\/\/www.thermalies.com\/lyon\/wp-content\/uploads\/2025\/04\/AdobeStock_699851380-500x280.jpeg 500w\" sizes=\"(max-width: 2560px) 100vw, 2560px\" \/><\/div>\n<h2 class=\"online_editor\"><span style=\"color: #0c5356;\">Acc\u00e8s \u00e0 la <span style=\"line-height: inherit;\">Cit\u00e9 Internationale de Lyon &#8211; Centre de Congr\u00e8s &#8211; L&rsquo;Amphith\u00e9\u00e2tre &#8211; Entr\u00e9e B<\/span><\/span><\/h2>\n<p class=\"online_editor\"><span style=\"color: #0c5356;\"><strong style=\"line-height: inherit;\">Lieu :\u00a0<\/strong><\/span><\/p>\n<p>Cit\u00e9 Internationale &#8211; Centre de Congr\u00e8s &#8211; L&rsquo;Amphith\u00e9\u00e2tre &#8211; Entr\u00e9e B<br \/>\n34 Quai Charles de Gaulle<br \/>\n69006 Lyon<\/p>\n<\/div>\n<div class=\"online_editor\">\n<h2><span style=\"color: #0c5356;\">Moyens d\u2019acc\u00e8s<\/span><\/h2>\n<p><img decoding=\"async\" class=\"alignnone wp-image-7587 size-full\" src=\"https:\/\/www.thermalies.com\/lyon\/wp-content\/uploads\/2025\/01\/CarteAcces_CentreDeCongres_Livraison-scaled.jpg\" alt=\"\" width=\"2560\" height=\"1475\" srcset=\"https:\/\/www.thermalies.com\/lyon\/wp-content\/uploads\/2025\/01\/CarteAcces_CentreDeCongres_Livraison-scaled.jpg 2560w, https:\/\/www.thermalies.com\/lyon\/wp-content\/uploads\/2025\/01\/CarteAcces_CentreDeCongres_Livraison-300x173.jpg 300w, https:\/\/www.thermalies.com\/lyon\/wp-content\/uploads\/2025\/01\/CarteAcces_CentreDeCongres_Livraison-1024x590.jpg 1024w, https:\/\/www.thermalies.com\/lyon\/wp-content\/uploads\/2025\/01\/CarteAcces_CentreDeCongres_Livraison-768x443.jpg 768w, https:\/\/www.thermalies.com\/lyon\/wp-content\/uploads\/2025\/01\/CarteAcces_CentreDeCongres_Livraison-1536x885.jpg 1536w, https:\/\/www.thermalies.com\/lyon\/wp-content\/uploads\/2025\/01\/CarteAcces_CentreDeCongres_Livraison-2048x1180.jpg 2048w, https:\/\/www.thermalies.com\/lyon\/wp-content\/uploads\/2025\/01\/CarteAcces_CentreDeCongres_Livraison-150x86.jpg 150w, https:\/\/www.thermalies.com\/lyon\/wp-content\/uploads\/2025\/01\/CarteAcces_CentreDeCongres_Livraison-500x288.jpg 500w\" sizes=\"(max-width: 2560px) 100vw, 2560px\" \/><\/p>\n<p><strong>Par les transports en commun :<\/strong><\/p>\n<ul>\n<li>Pour pr\u00e9parez votre itin\u00e9raire jusqu&rsquo;\u00e0 la <span style=\"line-height: inherit;\">Cit\u00e9 Internationale<\/span> de Lyon &#8211; Centre de Congr\u00e8s &#8211; L&rsquo;Amphith\u00e9\u00e2tre &#8211; Entr\u00e9e B : <a href=\"https:\/\/www.tcl.fr\/itineraires\" target=\"_blank\" rel=\"noopener noreferrer\">cliquez ici<\/a><\/li>\n<li>De nombreux bus desservent la Cit\u00e9 Internationale de Lyon &#8211; Centre de Congr\u00e8s &#8211; L&rsquo;Amphith\u00e9\u00e2tre :<\/li>\n<\/ul>\n<p><strong><span style=\"color: #0c5356;\">C1<\/span>\u00a0<\/strong>depuis la Gare Part Dieu &#8211; Arr\u00eat Cit\u00e9 internationale<br \/>\n<span style=\"color: #0c5356;\"><strong>C2<\/strong><\/span> depuis la Gare Part Dieu &#8211; Arr\u00eat Cit\u00e9 internationale<br \/>\n<span style=\"color: #0c5356;\"><strong>C4<\/strong><\/span> depuis le m\u00e9tro Jean Mac\u00e9 &#8211; Arr\u00eat Cit\u00e9 internationale<br \/>\n<span style=\"color: #0c5356;\"><strong>C5<\/strong><\/span> depuis le m\u00e9tro Cordeliers &#8211; Arr\u00eat Cit\u00e9 internationale<br \/>\n<span style=\"color: #0c5356;\"><strong>Bus 70<\/strong><\/span> depuis la Gare Part Dieu &#8211; Arr\u00eat Cit\u00e9 internationale<\/p>\n<p>&nbsp;<\/p>\n<p><span style=\"color: #0c5356;\"><strong>Par la route :<\/strong><\/span><\/p>\n<p>A proximit\u00e9 du p\u00e9riph\u00e9rique, de l&rsquo;A6, l\u2019A42, l&rsquo;A43 et de l\u2019A46, la Cit\u00e9 Internationale de Lyon &#8211; Centre de Congr\u00e8s &#8211; L&rsquo;Amphith\u00e9\u00e2tre &#8211; Entr\u00e9e B est tr\u00e8s facilement accessible en voiture et \u00e0 25 minutes du centre-ville.<\/p>\n<p>P\u00e9riph\u00e9rique Nord\u00a0<strong><span style=\"color: #0c5356;\">sortie Porte de Saint Clair<\/span>\u00a0<\/strong>(\u00e0 4h de Paris)<\/p>\n<ul>\n<li>A 10 minutes de la gare TGV Lyon Part-Dieu<\/li>\n<li>A 25 minutes de l\u2019A\u00e9roport International de Lyon Saint-Exup\u00e9ry<\/li>\n<li>A 10 minutes de l\u2019A\u00e9roport d\u2019affaires de Lyon Bron.<\/li>\n<\/ul>\n<div>\n<p><span style=\"color: #0c5356;\"><b>3 parking <\/b><\/span>sont \u00e0 votre disposition :<br \/>\n<em>PO &#8211; 1000 places<br \/>\nP1 &#8211; 1150 places<br \/>\nP2 &#8211; 1200 places<\/em><\/p>\n<\/div>\n<p>&nbsp;<\/p>\n<p><span style=\"color: #0c5356;\"><strong>Par le train :<\/strong><\/span><\/p>\n<ul>\n<li>La Cit\u00e9 Internationale de Lyon &#8211; Centre de Congr\u00e8s &#8211; L&rsquo;Amphith\u00e9\u00e2tre est situ\u00e9 &#8211; Entr\u00e9e B :<br \/>\n&#8211; \u00e0 10 mn de la\u00a0<span style=\"color: #0c5356;\"><strong>gare TGV de la Part-Dieu<\/strong><\/span><br \/>\n&#8211;\u00a0\u00e0 15 mn de la\u00a0<span style=\"color: #0c5356;\"><strong>gare de Perrache<\/strong><\/span><\/li>\n<\/ul>\n<p>&nbsp;<\/p>\n<p><span style=\"color: #0c5356;\"><strong>En TGV<\/strong> :<\/span><\/p>\n<ul>\n<li>\u00c0 2h de Paris<\/li>\n<li>\u00c0 1h30 de Marseille<\/li>\n<li>\u00c01h05 d&rsquo;Avignon<\/li>\n<li>\u00c0 3h de Lille<\/li>\n<li>\u00c01h45 de Montpellier<\/li>\n<\/ul>\n<p>Pour rejoindre la Cit\u00e9 Internationale de Lyon &#8211; Centre de Congr\u00e8s &#8211; L&rsquo;Amphith\u00e9\u00e2tre depuis les gares : pr\u00e9parez votre itin\u00e9raire <a href=\"https:\/\/www.tcl.fr\/itineraires\" target=\"_blank\" rel=\"noopener noreferrer\">en cliquant ici<\/a><\/p>\n<p>&nbsp;<\/p>\n<p><span style=\"color: #0c5356;\"><strong>Par avion :<\/strong><\/span><\/p>\n<ul>\n<li>La Cit\u00e9 Internationale de Lyon &#8211; Centre de Congr\u00e8s &#8211; L&rsquo;Amphith\u00e9\u00e2tre &#8211; Entr\u00e9e B est \u00e0 25 min de l&rsquo;A\u00e9roport International Lyon-Saint Exup\u00e9ry.\n<ul>\n<li>L\u2019A\u00e9roport Lyon-Saint Exup\u00e9ry, 2\u00e8me a\u00e9roport r\u00e9gional fran\u00e7ais, propose 117\u00a0destinations directes dont 80\u00a0\u00e0 l\u2019international avec une quarantaine de compagnies a\u00e9riennes<\/li>\n<li>50 a\u00e9roports sont desservis quotidiennement<\/li>\n<li>L\u2019A\u00e9roport Lyon-Bron Affaires, compl\u00e8te cette offre \u00e0 seulement 10 min en voiture de la Cit\u00e9 Internationale de Lyon &#8211; Centre de Congr\u00e8s &#8211; L&rsquo;Amphith\u00e9\u00e2tre<\/li>\n<li>Une liaison directe en <span style=\"color: #0c5356;\"><strong><a style=\"color: #0c5356;\" href=\"https:\/\/www.lyonaeroports.com\/acces-transports\/tram-express\">Tram express<\/a><\/strong><\/span> est propos\u00e9e entre l&rsquo;a\u00e9roport Lyon Saint Exup\u00e9ry et la Gare de la Part Dieu (toutes les 15 minutes)<\/li>\n<\/ul>\n<\/li>\n<\/ul>\n<p>&nbsp;<\/p>\n<p><span style=\"color: #0c5356;\"><strong>En taxi<\/strong> :<\/span><\/p>\n<p>Des points Taxis sont \u00e9galement mis \u00e0 votre disposition.<\/p>\n<ul>\n<li><span style=\"color: #0c5356;\"><strong>TAXI LYON<\/strong><\/span> &#8211;\u00a0Tel:+33 (0)4 72 10 86 86<\/li>\n<li><strong><span style=\"color: #0c5356;\">ALLO TAXI<\/span>\u00a0<\/strong>&#8211; Tel: +33 (0)4 78 28 23 33<\/li>\n<li><strong><span style=\"color: #0c5356;\">TAXI LYONNAIS<\/span>\u00a0<\/strong>&#8211;\u00a0Tel: +33 (0)4 78 26 81 81<\/li>\n<\/ul>\n<p>&nbsp;<\/p>\n<\/div>\n<\/div>\n<\/div>\n<\/div>\n","protected":false},"excerpt":{"rendered":"<p>Acc\u00e8s \u00e0 la Cit\u00e9 Internationale de Lyon &#8211; Centre de Congr\u00e8s &#8211; L&rsquo;Amphith\u00e9\u00e2tre &#8211; Entr\u00e9e B Lieu :\u00a0 Cit\u00e9 Internationale &#8211; Centre de Congr\u00e8s &#8211; L&rsquo;Amphith\u00e9\u00e2tre &#8211; Entr\u00e9e B 34 Quai Charles de Gaulle 69006 Lyon Moyens d\u2019acc\u00e8s Par les transports en commun : Pour pr\u00e9parez votre itin\u00e9raire jusqu&rsquo;\u00e0 la Cit\u00e9 Internationale de Lyon &#8211;&hellip; <\/p>\n","protected":false},"author":1,"featured_media":7611,"parent":18,"menu_order":0,"comment_status":"closed","ping_status":"closed","template":"","meta":{"_monsterinsights_skip_tracking":false,"_monsterinsights_sitenote_active":false,"_monsterinsights_sitenote_note":"","_monsterinsights_sitenote_category":0,"footnotes":""},"class_list":["post-536","page","type-page","status-publish","has-post-thumbnail","hentry"],"aioseo_notices":[],"_links":{"self":[{"href":"https:\/\/www.thermalies.com\/lyon\/wp-json\/wp\/v2\/pages\/536","targetHints":{"allow":["GET"]}}],"collection":[{"href":"https:\/\/www.thermalies.com\/lyon\/wp-json\/wp\/v2\/pages"}],"about":[{"href":"https:\/\/www.thermalies.com\/lyon\/wp-json\/wp\/v2\/types\/page"}],"author":[{"embeddable":true,"href":"https:\/\/www.thermalies.com\/lyon\/wp-json\/wp\/v2\/users\/1"}],"replies":[{"embeddable":true,"href":"https:\/\/www.thermalies.com\/lyon\/wp-json\/wp\/v2\/comments?post=536"}],"version-history":[{"count":0,"href":"https:\/\/www.thermalies.com\/lyon\/wp-json\/wp\/v2\/pages\/536\/revisions"}],"up":[{"embeddable":true,"href":"https:\/\/www.thermalies.com\/lyon\/wp-json\/wp\/v2\/pages\/18"}],"wp:featuredmedia":[{"embeddable":true,"href":"https:\/\/www.thermalies.com\/lyon\/wp-json\/wp\/v2\/media\/7611"}],"wp:attachment":[{"href":"https:\/\/www.thermalies.com\/lyon\/wp-json\/wp\/v2\/media?parent=536"}],"curies":[{"name":"wp","href":"https:\/\/api.w.org\/{rel}","templated":true}]}}