{"id":5825,"date":"2021-10-26T11:01:44","date_gmt":"2021-10-26T09:01:44","guid":{"rendered":"https:\/\/www.thermalies.com\/lyon\/?page_id=5825"},"modified":"2025-01-10T18:16:00","modified_gmt":"2025-01-10T17:16:00","slug":"avec-bien-etre-medecine-douce-2-evenements-pour-votre-sante-au-meme-lieu","status":"publish","type":"page","link":"https:\/\/www.thermalies.com\/lyon\/visiter\/avec-bien-etre-medecine-douce-2-evenements-pour-votre-sante-au-meme-lieu\/","title":{"rendered":"Avec Bien-\u00catre M\u00e9decine Douce, 2 \u00e9v\u00e9nements pour votre sant\u00e9 au m\u00eame lieu"},"content":{"rendered":"<h2><span style=\"color: #458c7f;\">Thermalies aux cot\u00e9s du salon\u00a0<strong>Bien-\u00catre M\u00e9decine Douce<\/strong><\/span><\/h2>\n<p><img decoding=\"async\" class=\"wp-image-7295 alignleft\" src=\"https:\/\/www.thermalies.com\/lyon\/wp-content\/uploads\/2024\/07\/logo-orange-bemd-300x300.png\" alt=\"logo orange bemd\" width=\"178\" height=\"178\" srcset=\"https:\/\/www.thermalies.com\/lyon\/wp-content\/uploads\/2024\/07\/logo-orange-bemd-300x300.png 300w, https:\/\/www.thermalies.com\/lyon\/wp-content\/uploads\/2024\/07\/logo-orange-bemd-150x150.png 150w, https:\/\/www.thermalies.com\/lyon\/wp-content\/uploads\/2024\/07\/logo-orange-bemd-500x500.png 500w, https:\/\/www.thermalies.com\/lyon\/wp-content\/uploads\/2024\/07\/logo-orange-bemd-45x45.png 45w, https:\/\/www.thermalies.com\/lyon\/wp-content\/uploads\/2024\/07\/logo-orange-bemd.png 591w\" sizes=\"(max-width: 178px) 100vw, 178px\" \/>\u00c0 la Cit\u00e9 Internationale de Lyon &#8211; le forum 5&amp;6, et en m\u00eame temps que Thermalies se d\u00e9roule \u00e9galement le <a href=\"https:\/\/www.salon-medecinedouce.com\/lyon\/\" target=\"_blank\" rel=\"noopener noreferrer\">salon Bien-Etre M\u00e9decine Douce<\/a>.<\/p>\n<p>Le salon\u00a0<strong>Bien-\u00catre M\u00e9decine Douce est <\/strong>un \u00e9v\u00e8nement qui rassemble tous les acteurs et experts des <strong>m\u00e9decines compl\u00e9mentaires<\/strong> : laboratoires sp\u00e9cialis\u00e9s, \u00e9coles et formations en m\u00e9decines douces et un village des th\u00e9rapeutes.<\/p>\n<p>Un programme\u00a0<strong>compl\u00e9mentaire et en ad\u00e9quation\u00a0<\/strong>avec les valeurs de Thermalies.<\/p>\n<p><a href=\"https:\/\/www.thermalies.com\/lyon\/votre-entree\/\" target=\"_blank\" rel=\"noopener noreferrer\"><strong>Votre entr\u00e9e vous permettra d\u2019acc\u00e9der aux 2 salons.\u00a0<\/strong><\/a><\/p>\n","protected":false},"excerpt":{"rendered":"<p>Thermalies aux cot\u00e9s du salon\u00a0Bien-\u00catre M\u00e9decine Douce \u00c0 la Cit\u00e9 Internationale de Lyon &#8211; le forum 5&amp;6, et en m\u00eame temps que Thermalies se d\u00e9roule \u00e9galement le salon Bien-Etre M\u00e9decine Douce. Le salon\u00a0Bien-\u00catre M\u00e9decine Douce est un \u00e9v\u00e8nement qui rassemble tous les acteurs et experts des m\u00e9decines compl\u00e9mentaires : laboratoires sp\u00e9cialis\u00e9s, \u00e9coles et formations en&hellip; <\/p>\n","protected":false},"author":5,"featured_media":0,"parent":2,"menu_order":0,"comment_status":"closed","ping_status":"closed","template":"","meta":{"_monsterinsights_skip_tracking":false,"_monsterinsights_sitenote_active":false,"_monsterinsights_sitenote_note":"","_monsterinsights_sitenote_category":0,"footnotes":""},"class_list":["post-5825","page","type-page","status-publish","hentry"],"aioseo_notices":[],"_links":{"self":[{"href":"https:\/\/www.thermalies.com\/lyon\/wp-json\/wp\/v2\/pages\/5825","targetHints":{"allow":["GET"]}}],"collection":[{"href":"https:\/\/www.thermalies.com\/lyon\/wp-json\/wp\/v2\/pages"}],"about":[{"href":"https:\/\/www.thermalies.com\/lyon\/wp-json\/wp\/v2\/types\/page"}],"author":[{"embeddable":true,"href":"https:\/\/www.thermalies.com\/lyon\/wp-json\/wp\/v2\/users\/5"}],"replies":[{"embeddable":true,"href":"https:\/\/www.thermalies.com\/lyon\/wp-json\/wp\/v2\/comments?post=5825"}],"version-history":[{"count":0,"href":"https:\/\/www.thermalies.com\/lyon\/wp-json\/wp\/v2\/pages\/5825\/revisions"}],"up":[{"embeddable":true,"href":"https:\/\/www.thermalies.com\/lyon\/wp-json\/wp\/v2\/pages\/2"}],"wp:attachment":[{"href":"https:\/\/www.thermalies.com\/lyon\/wp-json\/wp\/v2\/media?parent=5825"}],"curies":[{"name":"wp","href":"https:\/\/api.w.org\/{rel}","templated":true}]}}

Avec Bien-Être Médecine Douce, 2 événements pour votre santé au même lieu

<h2><span style="color: #458c7f;">Thermalies aux cotés du salon <strong>Bien-Être Médecine Douce</strong></span></h2>
<p><img decoding="async" class="wp-image-7295 alignleft" src="https://www.thermalies.com/lyon/wp-content/uploads/2024/07/logo-orange-bemd-300x300.png" alt="logo orange bemd" width="178" height="178" srcset="https://www.thermalies.com/lyon/wp-content/uploads/2024/07/logo-orange-bemd-300x300.png 300w, https://www.thermalies.com/lyon/wp-content/uploads/2024/07/logo-orange-bemd-150x150.png 150w, https://www.thermalies.com/lyon/wp-content/uploads/2024/07/logo-orange-bemd-500x500.png 500w, https://www.thermalies.com/lyon/wp-content/uploads/2024/07/logo-orange-bemd-45x45.png 45w, https://www.thermalies.com/lyon/wp-content/uploads/2024/07/logo-orange-bemd.png 591w" sizes="(max-width: 178px) 100vw, 178px" />À la Cité Internationale de Lyon &#8211; le forum 5&amp;6, et en même temps que Thermalies se déroule également le <a href="https://www.salon-medecinedouce.com/lyon/" target="_blank" rel="noopener noreferrer">salon Bien-Etre Médecine Douce</a>.</p>
<p>Le salon <strong>Bien-Être Médecine Douce est </strong>un évènement qui rassemble tous les acteurs et experts des <strong>médecines complémentaires</strong> : laboratoires spécialisés, écoles et formations en médecines douces et un village des thérapeutes.</p>
<p>Un programme <strong>complémentaire et en adéquation </strong>avec les valeurs de Thermalies.</p>
<p><a href="https://www.thermalies.com/lyon/votre-entree/" target="_blank" rel="noopener noreferrer"><strong>Votre entrée vous permettra d’accéder aux 2 salons. </strong></a></p>

<p>Thermalies aux cotés du salon Bien-Être Médecine Douce À la Cité Internationale de Lyon &#8211; le forum 5&amp;6, et en même temps que Thermalies se déroule également le salon Bien-Etre Médecine Douce. Le salon Bien-Être Médecine Douce est un évènement qui rassemble tous les acteurs et experts des médecines complémentaires : laboratoires spécialisés, écoles et formations en&hellip; </p>
