{"id":15991,"date":"2025-04-30T10:36:28","date_gmt":"2025-04-30T08:36:28","guid":{"rendered":"https:\/\/www.thermalies.com\/paris\/?page_id=15991"},"modified":"2025-04-30T10:36:28","modified_gmt":"2025-04-30T08:36:28","slug":"articles-de-presse-2018","status":"publish","type":"page","link":"https:\/\/www.thermalies.com\/paris\/articles-de-presse-2018\/","title":{"rendered":"Articles de presse 2018"},"content":{"rendered":"<h2><span style=\"color: #008080;\">Une s\u00e9lection d\u2019articles parmi les 250 publi\u00e9s \u00e0 l\u2019occasion du salon 2018<\/span><\/h2>\n<p><a href=\"http:\/\/www.thermalies.com\/lyon\/wp-content\/uploads\/2017\/10\/CP-Thermalies-2018-BtoC.pdf\" target=\"_blank\" rel=\"noopener\">&gt; &gt;Communiqu\u00e9 de Presse mai 2017<\/a>\u00a0:\u00a0Les Thermalies 2018, les deux rendez-vous du bien-\u00eatre\u00a0par l\u2019eau sous le signe de la nouveaut\u00e9<br \/>\n<a href=\"http:\/\/www.thermalies.com\/lyon\/wp-content\/uploads\/2018\/01\/CP-Thermalies-LYON-jan-2018.pdf\">&gt;&gt; Newsletter N\u00b01<\/a> : Les\u00a0Thermalies Lyon,\u00a0les derni\u00e8res tendances en mati\u00e8re de sant\u00e9 et bien-\u00eatre<br \/>\n<a href=\"http:\/\/www.thermalies.com\/lyon\/wp-content\/uploads\/2018\/02\/Newsletter-N2-Thermalies-Lyon-2018.pdf\" target=\"_blank\" rel=\"noopener\">&gt;&gt; Newsletter N\u00b02<\/a> :\u00a0Thermalies Lyon, les derni\u00e8res tendances en mati\u00e8re de thalassoth\u00e9rapie<\/p>\n","protected":false},"excerpt":{"rendered":"<p>Une s\u00e9lection d\u2019articles parmi les 250 publi\u00e9s \u00e0 l\u2019occasion du salon 2018 &gt; &gt;Communiqu\u00e9 de Presse mai 2017\u00a0:\u00a0Les Thermalies 2018, les deux rendez-vous du bien-\u00eatre\u00a0par l\u2019eau sous le signe de la nouveaut\u00e9 &gt;&gt; Newsletter N\u00b01 : Les\u00a0Thermalies Lyon,\u00a0les derni\u00e8res tendances en mati\u00e8re de sant\u00e9 et bien-\u00eatre &gt;&gt; Newsletter N\u00b02 :\u00a0Thermalies Lyon, les derni\u00e8res tendances en&hellip; <\/p>\n","protected":false},"author":9,"featured_media":0,"parent":0,"menu_order":0,"comment_status":"closed","ping_status":"closed","template":"","meta":{"footnotes":""},"class_list":["post-15991","page","type-page","status-publish","hentry"],"aioseo_notices":[],"_links":{"self":[{"href":"https:\/\/www.thermalies.com\/paris\/wp-json\/wp\/v2\/pages\/15991","targetHints":{"allow":["GET"]}}],"collection":[{"href":"https:\/\/www.thermalies.com\/paris\/wp-json\/wp\/v2\/pages"}],"about":[{"href":"https:\/\/www.thermalies.com\/paris\/wp-json\/wp\/v2\/types\/page"}],"author":[{"embeddable":true,"href":"https:\/\/www.thermalies.com\/paris\/wp-json\/wp\/v2\/users\/9"}],"replies":[{"embeddable":true,"href":"https:\/\/www.thermalies.com\/paris\/wp-json\/wp\/v2\/comments?post=15991"}],"version-history":[{"count":1,"href":"https:\/\/www.thermalies.com\/paris\/wp-json\/wp\/v2\/pages\/15991\/revisions"}],"predecessor-version":[{"id":15994,"href":"https:\/\/www.thermalies.com\/paris\/wp-json\/wp\/v2\/pages\/15991\/revisions\/15994"}],"wp:attachment":[{"href":"https:\/\/www.thermalies.com\/paris\/wp-json\/wp\/v2\/media?parent=15991"}],"curies":[{"name":"wp","href":"https:\/\/api.w.org\/{rel}","templated":true}]}}