{"id":16,"date":"2024-07-01T14:00:26","date_gmt":"2024-07-01T12:00:26","guid":{"rendered":"http:\/\/localhost:8888\/Saveurs\/?page_id=16"},"modified":"2025-04-24T16:19:37","modified_gmt":"2025-04-24T14:19:37","slug":"exposer","status":"publish","type":"page","link":"https:\/\/www.thermalies.com\/paris\/exposer\/","title":{"rendered":"Exposer"},"content":{"rendered":"<p><img fetchpriority=\"high\" decoding=\"async\" class=\"alignnone wp-image-14512 size-full\" src=\"https:\/\/www.thermalies.com\/paris\/wp-content\/uploads\/2024\/07\/AdobeStock_108476147-scaled-e1720693970570.jpeg\" alt=\"Exposer\" width=\"2550\" height=\"1175\" srcset=\"https:\/\/www.thermalies.com\/paris\/wp-content\/uploads\/2024\/07\/AdobeStock_108476147-scaled-e1720693970570.jpeg 2550w, https:\/\/www.thermalies.com\/paris\/wp-content\/uploads\/2024\/07\/AdobeStock_108476147-scaled-e1720693970570-300x138.jpeg 300w, https:\/\/www.thermalies.com\/paris\/wp-content\/uploads\/2024\/07\/AdobeStock_108476147-scaled-e1720693970570-1024x472.jpeg 1024w, https:\/\/www.thermalies.com\/paris\/wp-content\/uploads\/2024\/07\/AdobeStock_108476147-scaled-e1720693970570-768x354.jpeg 768w, https:\/\/www.thermalies.com\/paris\/wp-content\/uploads\/2024\/07\/AdobeStock_108476147-scaled-e1720693970570-1536x708.jpeg 1536w, https:\/\/www.thermalies.com\/paris\/wp-content\/uploads\/2024\/07\/AdobeStock_108476147-scaled-e1720693970570-2048x944.jpeg 2048w, https:\/\/www.thermalies.com\/paris\/wp-content\/uploads\/2024\/07\/AdobeStock_108476147-scaled-e1720693970570-150x69.jpeg 150w, https:\/\/www.thermalies.com\/paris\/wp-content\/uploads\/2024\/07\/AdobeStock_108476147-scaled-e1720693970570-500x230.jpeg 500w, https:\/\/www.thermalies.com\/paris\/wp-content\/uploads\/2024\/07\/AdobeStock_108476147-scaled-e1720693970570-600x276.jpeg 600w\" sizes=\"(max-width: 2550px) 100vw, 2550px\" \/><\/p>\n<p>&nbsp;<\/p>\n<p><span style=\"color: #0c5356;\"><strong>LES THERMALIES,\u00a0un rendez-vous privil\u00e9gi\u00e9 avec vos clients\u00a0!<\/strong><\/span><\/p>\n<p>Le salon des Thermalies s\u2019inscrit plus que jamais comme l\u2019\u00e9v\u00e9nement r\u00e9v\u00e9lateur des tendances sant\u00e9 et bien-\u00eatre pour un public \u00e0 fort pouvoir d&rsquo;achat, toujours plus attentif \u00e0 son bien-\u00eatre et \u00e0 sa sant\u00e9. Participez \u00e0 cette nouvelle \u00e9dition pour mettre en avant tous vos produits d\u00e9di\u00e9s \u00e0 l\u2019eau et au bien-\u00eatre et b\u00e9n\u00e9ficiez d&rsquo;un plan de communication soutenu.<\/p>\n<p><span style=\"color: #ed6e26;\"><a style=\"color: #ed6e26;\" href=\"http:\/\/www.thermalies.com\/paris\/exposer\/pourquoi-exposer\/\">&gt;&gt; Pourquoi exposer sur les Thermalies ?<\/a><\/span><\/p>\n<p><span style=\"color: #ed6e26;\"><a style=\"color: #ed6e26;\" href=\"https:\/\/www.thermalies.com\/paris\/les-nouveautes-au-salon-les-thermalies-2023\/\">&gt;&gt; Les nouveaut\u00e9s au salon Les Thermalies<\/a><\/span><\/p>\n<p><span style=\"color: #ed6e26;\"><a style=\"color: #ed6e26;\" href=\"http:\/\/www.thermalies.com\/paris\/exposer\/demandez-dossier-dinscription\/\">&gt;&gt; Recevez votre demande d&rsquo;admission<\/a><\/span><\/p>\n<p><span style=\"color: #ed6e26;\"><a style=\"color: #ed6e26;\" href=\"https:\/\/www.thermalies.com\/paris\/optimisez-votre-participation\/\">&gt;&gt; Optimisez votre participation<\/a><\/span><\/p>\n<p><span style=\"color: #ed6e26;\"><a style=\"color: #ed6e26;\" href=\"http:\/\/www.thermalies.com\/paris\/exposer\/communiquez-sur-le-salon\/\">&gt;&gt; Communiquez sur le salon<\/a><\/span><\/p>\n<p><span style=\"color: #ed6e26;\"><a style=\"color: #ed6e26;\" href=\"http:\/\/www.thermalies.com\/paris\/exposer\/outils-de-communication\/\">&gt;&gt; En savoir plus sur les outils de communication<\/a><\/span><\/p>\n<p><span style=\"color: #ed6e26;\"><a style=\"color: #ed6e26;\" href=\"http:\/\/www.thermalies.com\/paris\/exposer\/guide-technique-exposant\/\">&gt;&gt; T\u00e9l\u00e9chargez le dossier technique<\/a><\/span><\/p>\n<p><span style=\"color: #ed6e26;\"><a style=\"color: #ed6e26;\" href=\"http:\/\/www.thermalies.com\/paris\/exposer\/contacts-exposants\/\">&gt;&gt; Contacts exposants<\/a><\/span><\/p>\n<p>&nbsp;<\/p>\n","protected":false},"excerpt":{"rendered":"<p>&nbsp; LES THERMALIES,\u00a0un rendez-vous privil\u00e9gi\u00e9 avec vos clients\u00a0! Le salon des Thermalies s\u2019inscrit plus que jamais comme l\u2019\u00e9v\u00e9nement r\u00e9v\u00e9lateur des tendances sant\u00e9 et bien-\u00eatre pour un public \u00e0 fort pouvoir d&rsquo;achat, toujours plus attentif \u00e0 son bien-\u00eatre et \u00e0 sa sant\u00e9. Participez \u00e0 cette nouvelle \u00e9dition pour mettre en avant tous vos produits d\u00e9di\u00e9s \u00e0&hellip; <\/p>\n","protected":false},"author":1,"featured_media":0,"parent":0,"menu_order":0,"comment_status":"closed","ping_status":"closed","template":"","meta":{"footnotes":""},"class_list":["post-16","page","type-page","status-publish","hentry"],"aioseo_notices":[],"_links":{"self":[{"href":"https:\/\/www.thermalies.com\/paris\/wp-json\/wp\/v2\/pages\/16","targetHints":{"allow":["GET"]}}],"collection":[{"href":"https:\/\/www.thermalies.com\/paris\/wp-json\/wp\/v2\/pages"}],"about":[{"href":"https:\/\/www.thermalies.com\/paris\/wp-json\/wp\/v2\/types\/page"}],"author":[{"embeddable":true,"href":"https:\/\/www.thermalies.com\/paris\/wp-json\/wp\/v2\/users\/1"}],"replies":[{"embeddable":true,"href":"https:\/\/www.thermalies.com\/paris\/wp-json\/wp\/v2\/comments?post=16"}],"version-history":[{"count":8,"href":"https:\/\/www.thermalies.com\/paris\/wp-json\/wp\/v2\/pages\/16\/revisions"}],"predecessor-version":[{"id":15890,"href":"https:\/\/www.thermalies.com\/paris\/wp-json\/wp\/v2\/pages\/16\/revisions\/15890"}],"wp:attachment":[{"href":"https:\/\/www.thermalies.com\/paris\/wp-json\/wp\/v2\/media?parent=16"}],"curies":[{"name":"wp","href":"https:\/\/api.w.org\/{rel}","templated":true}]}}

<p><img fetchpriority="high" decoding="async" class="alignnone wp-image-14512 size-full" src="https://www.thermalies.com/paris/wp-content/uploads/2024/07/AdobeStock_108476147-scaled-e1720693970570.jpeg" alt="Exposer" width="2550" height="1175" srcset="https://www.thermalies.com/paris/wp-content/uploads/2024/07/AdobeStock_108476147-scaled-e1720693970570.jpeg 2550w, https://www.thermalies.com/paris/wp-content/uploads/2024/07/AdobeStock_108476147-scaled-e1720693970570-300x138.jpeg 300w, https://www.thermalies.com/paris/wp-content/uploads/2024/07/AdobeStock_108476147-scaled-e1720693970570-1024x472.jpeg 1024w, https://www.thermalies.com/paris/wp-content/uploads/2024/07/AdobeStock_108476147-scaled-e1720693970570-768x354.jpeg 768w, https://www.thermalies.com/paris/wp-content/uploads/2024/07/AdobeStock_108476147-scaled-e1720693970570-1536x708.jpeg 1536w, https://www.thermalies.com/paris/wp-content/uploads/2024/07/AdobeStock_108476147-scaled-e1720693970570-2048x944.jpeg 2048w, https://www.thermalies.com/paris/wp-content/uploads/2024/07/AdobeStock_108476147-scaled-e1720693970570-150x69.jpeg 150w, https://www.thermalies.com/paris/wp-content/uploads/2024/07/AdobeStock_108476147-scaled-e1720693970570-500x230.jpeg 500w, https://www.thermalies.com/paris/wp-content/uploads/2024/07/AdobeStock_108476147-scaled-e1720693970570-600x276.jpeg 600w" sizes="(max-width: 2550px) 100vw, 2550px" /></p>
<p>&nbsp;</p>
<p><span style="color: #0c5356;"><strong>LES THERMALIES, un rendez-vous privilégié avec vos clients !</strong></span></p>
<p>Le salon des Thermalies s’inscrit plus que jamais comme l’événement révélateur des tendances santé et bien-être pour un public à fort pouvoir d&rsquo;achat, toujours plus attentif à son bien-être et à sa santé. Participez à cette nouvelle édition pour mettre en avant tous vos produits dédiés à l’eau et au bien-être et bénéficiez d&rsquo;un plan de communication soutenu.</p>
<p><span style="color: #ed6e26;"><a style="color: #ed6e26;" href="http://www.thermalies.com/paris/exposer/pourquoi-exposer/">&gt;&gt; Pourquoi exposer sur les Thermalies ?</a></span></p>
<p><span style="color: #ed6e26;"><a style="color: #ed6e26;" href="https://www.thermalies.com/paris/les-nouveautes-au-salon-les-thermalies-2023/">&gt;&gt; Les nouveautés au salon Les Thermalies</a></span></p>
<p><span style="color: #ed6e26;"><a style="color: #ed6e26;" href="http://www.thermalies.com/paris/exposer/demandez-dossier-dinscription/">&gt;&gt; Recevez votre demande d&rsquo;admission</a></span></p>
<p><span style="color: #ed6e26;"><a style="color: #ed6e26;" href="https://www.thermalies.com/paris/optimisez-votre-participation/">&gt;&gt; Optimisez votre participation</a></span></p>
<p><span style="color: #ed6e26;"><a style="color: #ed6e26;" href="http://www.thermalies.com/paris/exposer/communiquez-sur-le-salon/">&gt;&gt; Communiquez sur le salon</a></span></p>
<p><span style="color: #ed6e26;"><a style="color: #ed6e26;" href="http://www.thermalies.com/paris/exposer/outils-de-communication/">&gt;&gt; En savoir plus sur les outils de communication</a></span></p>
<p><span style="color: #ed6e26;"><a style="color: #ed6e26;" href="http://www.thermalies.com/paris/exposer/guide-technique-exposant/">&gt;&gt; Téléchargez le dossier technique</a></span></p>
<p><span style="color: #ed6e26;"><a style="color: #ed6e26;" href="http://www.thermalies.com/paris/exposer/contacts-exposants/">&gt;&gt; Contacts exposants</a></span></p>
<p>&nbsp;</p>

<p>&nbsp; LES THERMALIES, un rendez-vous privilégié avec vos clients ! Le salon des Thermalies s’inscrit plus que jamais comme l’événement révélateur des tendances santé et bien-être pour un public à fort pouvoir d&rsquo;achat, toujours plus attentif à son bien-être et à sa santé. Participez à cette nouvelle édition pour mettre en avant tous vos produits dédiés à&hellip; </p>
