{"id":476,"date":"2024-07-11T11:00:58","date_gmt":"2024-07-11T09:00:58","guid":{"rendered":"http:\/\/www.salon-biogourmand.com\/?page_id=476"},"modified":"2025-12-31T12:56:17","modified_gmt":"2025-12-31T11:56:17","slug":"presentation-du-salon","status":"publish","type":"page","link":"https:\/\/www.thermalies.com\/paris\/visiter\/presentation-du-salon\/","title":{"rendered":"Pr\u00e9sentation du salon"},"content":{"rendered":"<p><img fetchpriority=\"high\" decoding=\"async\" class=\"alignnone wp-image-15897 size-full\" src=\"http:\/\/www.thermalies.com\/paris\/wp-content\/uploads\/2025\/04\/Capture-decran-2025-04-24-a-16.43.45.png\" alt=\"\" width=\"1295\" height=\"548\" srcset=\"https:\/\/www.thermalies.com\/paris\/wp-content\/uploads\/2025\/04\/Capture-decran-2025-04-24-a-16.43.45.png 1295w, https:\/\/www.thermalies.com\/paris\/wp-content\/uploads\/2025\/04\/Capture-decran-2025-04-24-a-16.43.45-300x127.png 300w, https:\/\/www.thermalies.com\/paris\/wp-content\/uploads\/2025\/04\/Capture-decran-2025-04-24-a-16.43.45-1024x433.png 1024w, https:\/\/www.thermalies.com\/paris\/wp-content\/uploads\/2025\/04\/Capture-decran-2025-04-24-a-16.43.45-768x325.png 768w, https:\/\/www.thermalies.com\/paris\/wp-content\/uploads\/2025\/04\/Capture-decran-2025-04-24-a-16.43.45-150x63.png 150w, https:\/\/www.thermalies.com\/paris\/wp-content\/uploads\/2025\/04\/Capture-decran-2025-04-24-a-16.43.45-500x212.png 500w, https:\/\/www.thermalies.com\/paris\/wp-content\/uploads\/2025\/04\/Capture-decran-2025-04-24-a-16.43.45-600x254.png 600w\" sizes=\"(max-width: 1295px) 100vw, 1295px\" \/><\/p>\n<h3><span style=\"font-size: 29px; font-weight: bold; color: #0c5356; font-family: Lato, sans-serif;\">Salon les Thermalies Paris 2026, d\u00e9couvrez les derni\u00e8res tendances en mati\u00e8re de sant\u00e9 et bien-\u00eatre<\/span><\/h3>\n<p><span style=\"color: #0c5356;\"><strong>Le salon Thermalies Paris aura lieu du 22 au 25 janvier 2026, au Carrousel du Louvre \u00e0 Paris<\/strong><\/span>, les acteurs principaux de la Thalassoth\u00e9rapie, du Thermalisme et du Spa, vous re\u00e7oivent au salon des Thermalies Paris, au sein des 7 Pavillons th\u00e9matiques pour vous faire d\u00e9couvrir les bienfaits de l&rsquo;eau de mer et de source (ou thermale) sur le corps.<\/p>\n<h3><span style=\"color: #458c7f;\">Profitez de 4 jours pour :<\/span><\/h3>\n<ul>\n<li><span style=\"color: #0c5356;\"><strong>Rencontrer et \u00e9changer avec pr\u00e8s de 250 experts<\/strong><\/span> en thalassoth\u00e9rapie, thermalisme, spa, sant\u00e9 et beaut\u00e9,<\/li>\n<li><span style=\"color: #0c5356;\"><strong>Choisir et organiser vos prochaines cures et soins,<\/strong><\/span><\/li>\n<li><span style=\"color: #0c5356;\"><strong>Obtenir des offres sp\u00e9ciales<\/strong><\/span> durant le salon.<\/li>\n<\/ul>\n<h3><span style=\"color: #458c7f;\">Sens &amp; Exp\u00e9riences :<\/span><\/h3>\n<ul>\n<li style=\"list-style-type: none;\">\n<ul>\n<li><strong><span style=\"color: #ff6600;\"><a style=\"color: #ff6600;\" href=\"https:\/\/www.thermalies.com\/paris\/programme\/conferences-thermalies\/\" target=\"_blank\" rel=\"noopener\">CONF\u00c9RENCES<\/a><\/span><br \/>\n<\/strong>Assistez aux conf\u00e9rences Thermalies anim\u00e9es par nos exposants ainsi que des professionnels de la sant\u00e9 et du bien-\u00eatre, sur des sujets de sant\u00e9 vari\u00e9s<\/li>\n<li><span style=\"color: #ff6600;\"><a style=\"color: #ff6600;\" href=\"https:\/\/www.thermalies.com\/paris\/programme\/lespace-massages\/\" target=\"_blank\" rel=\"noopener\"><strong>SOINS ET MASSAGES<\/strong><\/a><\/span>\n<p class=\"p1\">Stands d\u00e9di\u00e9s aux soins de sant\u00e9 et de bien-\u00eatre : massages, cosm\u00e9tiques, &#8230;<\/p>\n<\/li>\n<\/ul>\n<\/li>\n<\/ul>\n<h3><span style=\"color: #458c7f;\">Horaires d\u2019ouverture<\/span><\/h3>\n<p>10h \u00e0 18h30 jeudi, vendredi et samedi<br \/>\n10h \u00e0 18h le dimanche<\/p>\n<p>Le salon n\u2019est plus accessible une demi-heure avant la fin.<\/p>\n<h3><span style=\"color: #458c7f;\">Rejoignez le salon Thermalies Paris sur Facebook, Instagram et Linkedin<\/span><\/h3>\n<ul>\n<li>Suivez-nous sur <a href=\"http:\/\/fr-fr.facebook.com\/pages\/Les-Thermalies-le-Salon-de-leau-et-du-bien-%C3%AAtre\/44793142828\">Facebook,<\/a>\u00a0<a href=\"https:\/\/www.instagram.com\/mythermalies\/\" target=\"_blank\" rel=\"noopener noreferrer\">Instagram<\/a> et <a href=\"https:\/\/www.linkedin.com\/showcase\/74030049\/admin\/\" target=\"_blank\" rel=\"noopener noreferrer\">Linkedin<\/a><\/li>\n<\/ul>\n<p><span style=\"color: #ed6e26;\"><strong><a style=\"color: #ed6e26;\" href=\"https:\/\/www.thermalies.com\/paris\/votre-entree\/\" target=\"_blank\" rel=\"noopener\">T\u00e9l\u00e9chargez votre entr\u00e9e gratuite<\/a><\/strong><\/span><\/p>\n","protected":false},"excerpt":{"rendered":"<p>Salon les Thermalies Paris 2026, d\u00e9couvrez les derni\u00e8res tendances en mati\u00e8re de sant\u00e9 et bien-\u00eatre Le salon Thermalies Paris aura lieu du 22 au 25 janvier 2026, au Carrousel du Louvre \u00e0 Paris, les acteurs principaux de la Thalassoth\u00e9rapie, du Thermalisme et du Spa, vous re\u00e7oivent au salon des Thermalies Paris, au sein des 7&hellip; <\/p>\n","protected":false},"author":1,"featured_media":0,"parent":2,"menu_order":0,"comment_status":"closed","ping_status":"closed","template":"","meta":{"footnotes":""},"class_list":["post-476","page","type-page","status-publish","hentry"],"aioseo_notices":[],"_links":{"self":[{"href":"https:\/\/www.thermalies.com\/paris\/wp-json\/wp\/v2\/pages\/476","targetHints":{"allow":["GET"]}}],"collection":[{"href":"https:\/\/www.thermalies.com\/paris\/wp-json\/wp\/v2\/pages"}],"about":[{"href":"https:\/\/www.thermalies.com\/paris\/wp-json\/wp\/v2\/types\/page"}],"author":[{"embeddable":true,"href":"https:\/\/www.thermalies.com\/paris\/wp-json\/wp\/v2\/users\/1"}],"replies":[{"embeddable":true,"href":"https:\/\/www.thermalies.com\/paris\/wp-json\/wp\/v2\/comments?post=476"}],"version-history":[{"count":21,"href":"https:\/\/www.thermalies.com\/paris\/wp-json\/wp\/v2\/pages\/476\/revisions"}],"predecessor-version":[{"id":16264,"href":"https:\/\/www.thermalies.com\/paris\/wp-json\/wp\/v2\/pages\/476\/revisions\/16264"}],"up":[{"embeddable":true,"href":"https:\/\/www.thermalies.com\/paris\/wp-json\/wp\/v2\/pages\/2"}],"wp:attachment":[{"href":"https:\/\/www.thermalies.com\/paris\/wp-json\/wp\/v2\/media?parent=476"}],"curies":[{"name":"wp","href":"https:\/\/api.w.org\/{rel}","templated":true}]}}

Présentation du salon

<p><img fetchpriority="high" decoding="async" class="alignnone wp-image-15897 size-full" src="http://www.thermalies.com/paris/wp-content/uploads/2025/04/Capture-decran-2025-04-24-a-16.43.45.png" alt="" width="1295" height="548" srcset="https://www.thermalies.com/paris/wp-content/uploads/2025/04/Capture-decran-2025-04-24-a-16.43.45.png 1295w, https://www.thermalies.com/paris/wp-content/uploads/2025/04/Capture-decran-2025-04-24-a-16.43.45-300x127.png 300w, https://www.thermalies.com/paris/wp-content/uploads/2025/04/Capture-decran-2025-04-24-a-16.43.45-1024x433.png 1024w, https://www.thermalies.com/paris/wp-content/uploads/2025/04/Capture-decran-2025-04-24-a-16.43.45-768x325.png 768w, https://www.thermalies.com/paris/wp-content/uploads/2025/04/Capture-decran-2025-04-24-a-16.43.45-150x63.png 150w, https://www.thermalies.com/paris/wp-content/uploads/2025/04/Capture-decran-2025-04-24-a-16.43.45-500x212.png 500w, https://www.thermalies.com/paris/wp-content/uploads/2025/04/Capture-decran-2025-04-24-a-16.43.45-600x254.png 600w" sizes="(max-width: 1295px) 100vw, 1295px" /></p>
<h3><span style="font-size: 29px; font-weight: bold; color: #0c5356; font-family: Lato, sans-serif;">Salon les Thermalies Paris 2026, découvrez les dernières tendances en matière de santé et bien-être</span></h3>
<p><span style="color: #0c5356;"><strong>Le salon Thermalies Paris aura lieu du 22 au 25 janvier 2026, au Carrousel du Louvre à Paris</strong></span>, les acteurs principaux de la Thalassothérapie, du Thermalisme et du Spa, vous reçoivent au salon des Thermalies Paris, au sein des 7 Pavillons thématiques pour vous faire découvrir les bienfaits de l&rsquo;eau de mer et de source (ou thermale) sur le corps.</p>
<h3><span style="color: #458c7f;">Profitez de 4 jours pour :</span></h3>
<ul>
<li><span style="color: #0c5356;"><strong>Rencontrer et échanger avec près de 250 experts</strong></span> en thalassothérapie, thermalisme, spa, santé et beauté,</li>
<li><span style="color: #0c5356;"><strong>Choisir et organiser vos prochaines cures et soins,</strong></span></li>
<li><span style="color: #0c5356;"><strong>Obtenir des offres spéciales</strong></span> durant le salon.</li>
</ul>
<h3><span style="color: #458c7f;">Sens &amp; Expériences :</span></h3>
<ul>
<li style="list-style-type: none;">
<ul>
<li><strong><span style="color: #ff6600;"><a style="color: #ff6600;" href="https://www.thermalies.com/paris/programme/conferences-thermalies/" target="_blank" rel="noopener">CONFÉRENCES</a></span><br />
</strong>Assistez aux conférences Thermalies animées par nos exposants ainsi que des professionnels de la santé et du bien-être, sur des sujets de santé variés</li>
<li><span style="color: #ff6600;"><a style="color: #ff6600;" href="https://www.thermalies.com/paris/programme/lespace-massages/" target="_blank" rel="noopener"><strong>SOINS ET MASSAGES</strong></a></span>
<p class="p1">Stands dédiés aux soins de santé et de bien-être : massages, cosmétiques, &#8230;</p>
</li>
</ul>
</li>
</ul>
<h3><span style="color: #458c7f;">Horaires d’ouverture</span></h3>
<p>10h à 18h30 jeudi, vendredi et samedi<br />
10h à 18h le dimanche</p>
<p>Le salon n’est plus accessible une demi-heure avant la fin.</p>
<h3><span style="color: #458c7f;">Rejoignez le salon Thermalies Paris sur Facebook, Instagram et Linkedin</span></h3>
<ul>
<li>Suivez-nous sur <a href="http://fr-fr.facebook.com/pages/Les-Thermalies-le-Salon-de-leau-et-du-bien-%C3%AAtre/44793142828">Facebook,</a> <a href="https://www.instagram.com/mythermalies/" target="_blank" rel="noopener noreferrer">Instagram</a> et <a href="https://www.linkedin.com/showcase/74030049/admin/" target="_blank" rel="noopener noreferrer">Linkedin</a></li>
</ul>
<p><span style="color: #ed6e26;"><strong><a style="color: #ed6e26;" href="https://www.thermalies.com/paris/votre-entree/" target="_blank" rel="noopener">Téléchargez votre entrée gratuite</a></strong></span></p>

<p>Salon les Thermalies Paris 2026, découvrez les dernières tendances en matière de santé et bien-être Le salon Thermalies Paris aura lieu du 22 au 25 janvier 2026, au Carrousel du Louvre à Paris, les acteurs principaux de la Thalassothérapie, du Thermalisme et du Spa, vous reçoivent au salon des Thermalies Paris, au sein des 7&hellip; </p>
