{"id":536,"date":"2024-07-01T14:00:33","date_gmt":"2024-07-01T12:00:33","guid":{"rendered":"http:\/\/www.salon-biogourmand.com\/?page_id=536"},"modified":"2024-07-11T17:14:24","modified_gmt":"2024-07-11T15:14:24","slug":"comment-venir","status":"publish","type":"page","link":"https:\/\/www.thermalies.com\/paris\/infos-pratiques\/comment-venir\/","title":{"rendered":"Comment venir ?"},"content":{"rendered":"<p><iframe style=\"border: 0;\" src=\"https:\/\/www.google.com\/maps\/embed?pb=!1m18!1m12!1m3!1d2624.768962518915!2d2.3328288156745476!3d48.862615879287944!2m3!1f0!2f0!3f0!3m2!1i1024!2i768!4f13.1!3m3!1m2!1s0x47e671fe085c22e9%3A0xf4ef51f9f726df26!2sCarrousel+du+Louvre!5e0!3m2!1sfr!2sfr!4v1528887803756\" width=\"600\" height=\"450\" frameborder=\"0\" allowfullscreen=\"allowfullscreen\"><\/iframe><\/p>\n<h2><\/h2>\n<h2><span style=\"color: #0c5356;\">Pour acc\u00e9der au Carrousel du Louvre \u2013 Paris<\/span><\/h2>\n<p>&nbsp;<\/p>\n<h2><span style=\"color: #0c5356;\">Acc\u00e8s voitures<\/span><\/h2>\n<p>L\u2019acc\u00e8s au parc de stationnement du Carrousel du Louvre s\u2019effectue par le tunnel de l\u2019avenue du G\u00e9n\u00e9ral Lemonnier accessible par le quai des Tuileries depuis la place de la Concorde, par la rue de Rivoli ou en venant du Pont-Royal depuis la rive gauche.<br \/>\nLe parc de stationnement offre 600 places de voiture. Sous le tunnel, au feu tricolore, suivre le panneau \u00a0\u00bb Parking Carrousel du Louvre\u00a0\u00bb.<\/p>\n<p><strong><span style=\"color: #0c5356;\">Parkings<\/span>\u00a0<\/strong>: 5 autres parkings sont situ\u00e9s \u00e0 proximit\u00e9 du Carrousel du Louvre\u00a0: Parking Saint Germain l\u2019Auxerrois, Parking Saint Honor\u00e9, Parking Vend\u00f4me, Parking Pyramides, Parking Louvre des Antiquaires. T\u00e9l.\u00a0: 33 (0)1 53 45 22 70 Hauteur Maximum\u00a0: 1,90 m\u00e8tre.<\/p>\n<p>&nbsp;<\/p>\n<h2><span style=\"color: #0c5356;\">Acc\u00e8s pi\u00e9tons<\/span><\/h2>\n<p><strong><span style=\"color: #0c5356;\">M\u00e9tro\u00a0:<\/span>\u00a0<\/strong>ligne 1 station\u00a0Tuileries ou Louvre Rivoli\u00a0et ligne 7 station\u00a0Palais Royal-Mus\u00e9e du Louvre &#8211; acc\u00e8s direct de la station au Carrousel du Louvre.<\/p>\n<p><strong><span style=\"color: #0c5356;\">Bus\u00a0:<\/span>\u00a0<\/strong>lignes 21- 27- 39- 81- 95,\u00a0station Palais Royal<\/p>\n<p><a href=\"https:\/\/www.ratp.fr\/itineraires\" target=\"_blank\" rel=\"noopener noreferrer\">Pr\u00e9parez votre itin\u00e9raire : r\u00e9seau RATP &#8211; Ile-de-France<\/a><br \/>\n<a href=\"https:\/\/www.ratp.fr\/plans-lignes\" target=\"_blank\" rel=\"noopener noreferrer\">Consultez le plan\u00a0des lignes de m\u00e9tro, bus, RER et tramway<\/a><\/p>\n<p><span style=\"color: #0c5356;\"><strong>Taxis :<\/strong><\/span><\/p>\n<ul>\n<li>Borne\u00a0: place Andr\u00e9 Malraux &#8211; 75001 Paris &#8211; T\u00e9l.\u00a0: 01 42 60 61 40<\/li>\n<li>Borne\u00a0: 252 rue de Rivoli &#8211; 75001 Paris &#8211; T\u00e9l.\u00a0: 01 42 61 67 60<\/li>\n<li>Taxis Bleus\u00a0: 08 25 16 10 10<\/li>\n<li>Alpha Taxis\u00a0: 01 45 85 85 85<\/li>\n<li>Taxis G7\u00a0: 01 47 39 47 39<\/li>\n<\/ul>\n<p>&nbsp;<\/p>\n","protected":false},"excerpt":{"rendered":"<p>Pour acc\u00e9der au Carrousel du Louvre \u2013 Paris &nbsp; Acc\u00e8s voitures L\u2019acc\u00e8s au parc de stationnement du Carrousel du Louvre s\u2019effectue par le tunnel de l\u2019avenue du G\u00e9n\u00e9ral Lemonnier accessible par le quai des Tuileries depuis la place de la Concorde, par la rue de Rivoli ou en venant du Pont-Royal depuis la rive gauche.&hellip; <\/p>\n","protected":false},"author":1,"featured_media":0,"parent":18,"menu_order":0,"comment_status":"closed","ping_status":"closed","template":"","meta":{"footnotes":""},"class_list":["post-536","page","type-page","status-publish","hentry"],"aioseo_notices":[],"_links":{"self":[{"href":"https:\/\/www.thermalies.com\/paris\/wp-json\/wp\/v2\/pages\/536","targetHints":{"allow":["GET"]}}],"collection":[{"href":"https:\/\/www.thermalies.com\/paris\/wp-json\/wp\/v2\/pages"}],"about":[{"href":"https:\/\/www.thermalies.com\/paris\/wp-json\/wp\/v2\/types\/page"}],"author":[{"embeddable":true,"href":"https:\/\/www.thermalies.com\/paris\/wp-json\/wp\/v2\/users\/1"}],"replies":[{"embeddable":true,"href":"https:\/\/www.thermalies.com\/paris\/wp-json\/wp\/v2\/comments?post=536"}],"version-history":[{"count":2,"href":"https:\/\/www.thermalies.com\/paris\/wp-json\/wp\/v2\/pages\/536\/revisions"}],"predecessor-version":[{"id":14561,"href":"https:\/\/www.thermalies.com\/paris\/wp-json\/wp\/v2\/pages\/536\/revisions\/14561"}],"up":[{"embeddable":true,"href":"https:\/\/www.thermalies.com\/paris\/wp-json\/wp\/v2\/pages\/18"}],"wp:attachment":[{"href":"https:\/\/www.thermalies.com\/paris\/wp-json\/wp\/v2\/media?parent=536"}],"curies":[{"name":"wp","href":"https:\/\/api.w.org\/{rel}","templated":true}]}}