{"id":6304,"date":"2018-12-14T15:29:21","date_gmt":"2018-12-14T14:29:21","guid":{"rendered":"https:\/\/www.thermalies.com\/paris\/?page_id=6304"},"modified":"2025-12-09T10:02:08","modified_gmt":"2025-12-09T09:02:08","slug":"notre-temps-2","status":"publish","type":"page","link":"https:\/\/www.thermalies.com\/paris\/pressepartenaires\/espace-partenaires\/notre-temps-2\/","title":{"rendered":"Notre Temps"},"content":{"rendered":"<p style=\"text-align: justify;\"><img fetchpriority=\"high\" decoding=\"async\" class=\"alignnone wp-image-16087 \" src=\"http:\/\/www.thermalies.com\/paris\/wp-content\/uploads\/2025\/12\/Capture-decran-2025-12-09-a-09.25.12-1.png\" alt=\"\" width=\"444\" height=\"119\" srcset=\"https:\/\/www.thermalies.com\/paris\/wp-content\/uploads\/2025\/12\/Capture-decran-2025-12-09-a-09.25.12-1.png 732w, https:\/\/www.thermalies.com\/paris\/wp-content\/uploads\/2025\/12\/Capture-decran-2025-12-09-a-09.25.12-1-300x80.png 300w, https:\/\/www.thermalies.com\/paris\/wp-content\/uploads\/2025\/12\/Capture-decran-2025-12-09-a-09.25.12-1-150x40.png 150w, https:\/\/www.thermalies.com\/paris\/wp-content\/uploads\/2025\/12\/Capture-decran-2025-12-09-a-09.25.12-1-500x134.png 500w, https:\/\/www.thermalies.com\/paris\/wp-content\/uploads\/2025\/12\/Capture-decran-2025-12-09-a-09.25.12-1-600x161.png 600w\" sizes=\"(max-width: 444px) 100vw, 444px\" \/><\/p>\n<p style=\"font-weight: 400;\"><strong>Notre Temps<\/strong>. C\u2019est bon d\u2019\u00eatre libre.<\/p>\n<p style=\"font-weight: 400;\">Cr\u00e9\u00e9 en 1968 et \u00e9dit\u00e9 par le Groupe Bayard, Notre Temps, 1er mensuel fran\u00e7ais en diffusion kiosque*, est un m\u00e9dia g\u00e9n\u00e9raliste complet qui r\u00e9unit chaque mois 5,3 millions de lecteurs et internautes*.<\/p>\n<p style=\"font-weight: 400;\">Proche de ses publics au quotidien, il informe, accompagne, valorise, inspire et traite de sujets vari\u00e9s : sant\u00e9, retraite, droit, culture, bien-\u00eatre, num\u00e9rique, loisirs\u2026<br \/>\nCompagnon de plusieurs g\u00e9n\u00e9rations qui aspirent \u00e0 vivre pleinement les \u00e9tapes importantes de leur vie, Notre Temps s&rsquo;inscrit dans le quotidien de chacun,<br \/>\nPropose des services au plus pr\u00e8s des attentes de ses lecteurs et offre des cl\u00e9s pour comprendre le monde qui nous entoure.<\/p>\n<p style=\"font-weight: 400;\">Eclairage, d\u00e9cryptage, conseils, expertise, bons plans\u2026 Notre Temps analyse les tendances pour que chacun puisse profiter pleinement de son temps et savourer sa libert\u00e9.<br \/>\nNotre Temps c\u2019est aussi \u00ab Notre temps Sant\u00e9 &amp; Bien-\u00eatre \u00bb, un trimestriel qui s\u2019adresse \u00e0 des femmes -et des hommes- de 45 ans qui veulent prendre leur sant\u00e9 en main autrement.<br \/>\nDans ses rubriques, bien soigner, bien manger, bien dans son corps, bien vivre\u2026 le magazine mise sur la pr\u00e9vention et les bons r\u00e9flexes guid\u00e9s par les conseils d&rsquo;experts.<\/p>\n<p style=\"font-weight: 400;\">Il d\u00e9gage de la joie de vivre, de l\u2019\u00e9nergie \u00ab positive \u00bb et au fil des pages toutes les g\u00e9n\u00e9rations se c\u00f4toient.<br \/>\nPendre soin de soi et de ses proches en (se) faisant plaisir, cultiver un art de vivre en bonne sant\u00e9, c\u2019est le cr\u00e9do du magazine.<br \/>\nSoucieux de l\u2019environnement, il est fabriqu\u00e9 avec un papier recycl\u00e9 (vraiment doux) et des encres blanches (non toxiques). Une autre fa\u00e7on de prendre soin de ses lecteurs.<\/p>\n<ul style=\"font-weight: 400;\">\n<li>\u00a0Sources : ACPM OJD DFP 2023 | ACPM ONE NEXT 2024 S1<\/li>\n<\/ul>\n<p style=\"text-align: justify;\">\n","protected":false},"excerpt":{"rendered":"<p>Notre Temps. C\u2019est bon d\u2019\u00eatre libre. Cr\u00e9\u00e9 en 1968 et \u00e9dit\u00e9 par le Groupe Bayard, Notre Temps, 1er mensuel fran\u00e7ais en diffusion kiosque*, est un m\u00e9dia g\u00e9n\u00e9raliste complet qui r\u00e9unit chaque mois 5,3 millions de lecteurs et internautes*. Proche de ses publics au quotidien, il informe, accompagne, valorise, inspire et traite de sujets vari\u00e9s :&hellip; <\/p>\n","protected":false},"author":1,"featured_media":0,"parent":526,"menu_order":0,"comment_status":"closed","ping_status":"closed","template":"","meta":{"footnotes":""},"class_list":["post-6304","page","type-page","status-publish","hentry"],"aioseo_notices":[],"_links":{"self":[{"href":"https:\/\/www.thermalies.com\/paris\/wp-json\/wp\/v2\/pages\/6304","targetHints":{"allow":["GET"]}}],"collection":[{"href":"https:\/\/www.thermalies.com\/paris\/wp-json\/wp\/v2\/pages"}],"about":[{"href":"https:\/\/www.thermalies.com\/paris\/wp-json\/wp\/v2\/types\/page"}],"author":[{"embeddable":true,"href":"https:\/\/www.thermalies.com\/paris\/wp-json\/wp\/v2\/users\/1"}],"replies":[{"embeddable":true,"href":"https:\/\/www.thermalies.com\/paris\/wp-json\/wp\/v2\/comments?post=6304"}],"version-history":[{"count":5,"href":"https:\/\/www.thermalies.com\/paris\/wp-json\/wp\/v2\/pages\/6304\/revisions"}],"predecessor-version":[{"id":16094,"href":"https:\/\/www.thermalies.com\/paris\/wp-json\/wp\/v2\/pages\/6304\/revisions\/16094"}],"up":[{"embeddable":true,"href":"https:\/\/www.thermalies.com\/paris\/wp-json\/wp\/v2\/pages\/526"}],"wp:attachment":[{"href":"https:\/\/www.thermalies.com\/paris\/wp-json\/wp\/v2\/media?parent=6304"}],"curies":[{"name":"wp","href":"https:\/\/api.w.org\/{rel}","templated":true}]}}

<p style="text-align: justify;"><img fetchpriority="high" decoding="async" class="alignnone wp-image-16087 " src="http://www.thermalies.com/paris/wp-content/uploads/2025/12/Capture-decran-2025-12-09-a-09.25.12-1.png" alt="" width="444" height="119" srcset="https://www.thermalies.com/paris/wp-content/uploads/2025/12/Capture-decran-2025-12-09-a-09.25.12-1.png 732w, https://www.thermalies.com/paris/wp-content/uploads/2025/12/Capture-decran-2025-12-09-a-09.25.12-1-300x80.png 300w, https://www.thermalies.com/paris/wp-content/uploads/2025/12/Capture-decran-2025-12-09-a-09.25.12-1-150x40.png 150w, https://www.thermalies.com/paris/wp-content/uploads/2025/12/Capture-decran-2025-12-09-a-09.25.12-1-500x134.png 500w, https://www.thermalies.com/paris/wp-content/uploads/2025/12/Capture-decran-2025-12-09-a-09.25.12-1-600x161.png 600w" sizes="(max-width: 444px) 100vw, 444px" /></p>
<p style="font-weight: 400;"><strong>Notre Temps</strong>. C’est bon d’être libre.</p>
<p style="font-weight: 400;">Créé en 1968 et édité par le Groupe Bayard, Notre Temps, 1er mensuel français en diffusion kiosque*, est un média généraliste complet qui réunit chaque mois 5,3 millions de lecteurs et internautes*.</p>
<p style="font-weight: 400;">Proche de ses publics au quotidien, il informe, accompagne, valorise, inspire et traite de sujets variés : santé, retraite, droit, culture, bien-être, numérique, loisirs…<br />
Compagnon de plusieurs générations qui aspirent à vivre pleinement les étapes importantes de leur vie, Notre Temps s&rsquo;inscrit dans le quotidien de chacun,<br />
Propose des services au plus près des attentes de ses lecteurs et offre des clés pour comprendre le monde qui nous entoure.</p>
<p style="font-weight: 400;">Eclairage, décryptage, conseils, expertise, bons plans… Notre Temps analyse les tendances pour que chacun puisse profiter pleinement de son temps et savourer sa liberté.<br />
Notre Temps c’est aussi « Notre temps Santé &amp; Bien-être », un trimestriel qui s’adresse à des femmes -et des hommes- de 45 ans qui veulent prendre leur santé en main autrement.<br />
Dans ses rubriques, bien soigner, bien manger, bien dans son corps, bien vivre… le magazine mise sur la prévention et les bons réflexes guidés par les conseils d&rsquo;experts.</p>
<p style="font-weight: 400;">Il dégage de la joie de vivre, de l’énergie « positive » et au fil des pages toutes les générations se côtoient.<br />
Pendre soin de soi et de ses proches en (se) faisant plaisir, cultiver un art de vivre en bonne santé, c’est le crédo du magazine.<br />
Soucieux de l’environnement, il est fabriqué avec un papier recyclé (vraiment doux) et des encres blanches (non toxiques). Une autre façon de prendre soin de ses lecteurs.</p>
<ul style="font-weight: 400;">
<li> Sources : ACPM OJD DFP 2023 | ACPM ONE NEXT 2024 S1</li>
</ul>
<p style="text-align: justify;">

<p>Notre Temps. C’est bon d’être libre. Créé en 1968 et édité par le Groupe Bayard, Notre Temps, 1er mensuel français en diffusion kiosque*, est un média généraliste complet qui réunit chaque mois 5,3 millions de lecteurs et internautes*. Proche de ses publics au quotidien, il informe, accompagne, valorise, inspire et traite de sujets variés :&hellip; </p>
